3 composite?
True
Is 15305509 a prime number?
False
Is 86054127 a composite number?
True
Is 1147811 composite?
True
Is 215329501 a composite number?
False
Is 973169 a composite number?
False
Is 5634553 a prime number?
True
Is 56321 prime?
False
Is 13658413 a prime number?
True
Is 4261501 a composite number?
True
Is 37380871 composite?
True
Is 11239147 composite?
True
Is 259401355 a prime number?
False
Is 1801883 a prime number?
False
Is 7527419 prime?
True
Is 849009335 composite?
True
Is 37125409 a prime number?
True
Is 55691 a prime number?
True
Is 4123763 a composite number?
True
Is 230255 prime?
False
Is 2403343 a composite number?
False
Is 154045657 a composite number?
True
Is 187003 a composite number?
False
Is 3224057 prime?
True
Is 1101751 prime?
False
Is 116363297 composite?
False
Is 271095259 prime?
True
Is 2645213 a composite number?
False
Is 923561 composite?
False
Is 499841 a prime number?
False
Is 348477353 a prime number?
False
Is 2391761 a prime number?
False
Is 8069531 a composite number?
False
Is 541817 composite?
False
Is 4080431 prime?
True
Is 949211 prime?
True
Is 15837053 a composite number?
True
Is 11871403 a prime number?
True
Is 14530327 a prime number?
False
Is 52189862 a prime number?
False
Is 52980233 a composite number?
True
Is 85516111 composite?
False
Is 3959441 a prime number?
True
Is 3850199 prime?
True
Is 9637777 a composite number?
False
Is 7045373 composite?
False
Is 84398273 a composite number?
True
Is 4104791 a prime number?
True
Is 350421419 a composite number?
True
Is 123028597 a composite number?
False
Is 417083 a composite number?
True
Is 19304849 prime?
True
Is 243396443 composite?
False
Is 97910453 a prime number?
True
Is 478968398 composite?
True
Is 1680071 prime?
True
Is 193531903 prime?
False
Is 5305823 a prime number?
True
Is 723838 a prime number?
False
Is 382222079 a prime number?
True
Is 96893113 composite?
True
Is 5171813 composite?
True
Is 17009665 a composite number?
True
Is 26024123 a prime number?
True
Is 2323705 a composite number?
True
Is 328551 composite?
True
Is 575401 composite?
False
Is 15711233 prime?
False
Is 31294889 a prime number?
False
Is 38499317 composite?
True
Is 27266489 prime?
False
Is 41376739 prime?
True
Is 64397 a prime number?
False
Is 101201 a composite number?
True
Is 220880579 composite?
True
Is 26774689 a composite number?
False
Is 13605451 composite?
False
Is 35862001 a prime number?
False
Is 24286853 a composite number?
False
Is 837099823 composite?
True
Is 53301799 prime?
True
Is 7735219 composite?
False
Is 30465509 prime?
True
Is 618187 a prime number?
False
Is 136851427 composite?
False
Is 6710765 a prime number?
False
Is 175844263 a prime number?
False
Is 860141 prime?
False
Is 35271199 prime?
True
Is 2290351 composite?
True
Is 13978091 composite?
True
Is 301559343 a composite number?
True
Is 487086701 a composite number?
False
Is 449533237 a prime number?
True
Is 29569127 a composite number?
True
Is 1904379 a composite number?
True
Is 4571599 prime?
False
Is 4085833 a prime number?
False
Is 695867 prime?
True
Is 7061669 prime?
False
Is 146117 a composite number?
False
Is 92340601 a prime number?
False
Is 12975541 composite?
True
Is 139650857 a prime number?
True
Is 57899 a prime number?
True
Is 18501303 a composite number?
True
Is 1613269 composite?
True
Is 15599707 prime?
True
Is 214619511 a composite number?
True
Is 11067857 composite?
False
Is 103674433 prime?
False
Is 39106237 composite?
True
Is 143759999 a composite number?
True
Is 2842507 a composite number?
True
Is 313351 a composite number?
False
Is 1913465 composite?
True
Is 29097773 a prime number?
True
Is 8854553 a composite number?
False
Is 12814517 prime?
True
Is 598217 composite?
True
Is 1388323 a prime number?
True
Is 9310333 composite?
False
Is 5140303 composite?
True
Is 1498699 composite?
True
Is 11648933 prime?
True
Is 12262883 a composite number?
False
Is 38607167 composite?
False
Is 287069 a composite number?
True
Is 677849 prime?
False
Is 1796491 a prime number?
False
Is 13068301 composite?
True
Is 974923 a composite number?
False
Is 244177 prime?
True
Is 11454077 a composite number?
True
Is 40557581 a prime number?
True
Is 18439349 prime?
True
Is 3982801 composite?
False
Is 1167259 composite?
True
Is 5743581 a composite number?
True
Is 48073 prime?
True
Is 49407661 a composite number?
True
Is 455669663 a prime number?
False
Is 4492087 a composite number?
False
Is 171329027 a prime number?
False
Is 50356351 composite?
False
Is 2357513 a composite number?
True
Is 10690237 a prime number?
False
Is 199848301 composite?
False
Is 138283 a composite number?
False
Is 6541151 prime?
True
Is 26439313 prime?
True
Is 55575139 a composite number?
False
Is 3117097 a composite number?
False
Is 218035303 composite?
True
Is 6279513 prime?
False
Is 75877937 a prime number?
False
Is 5308091 a composite number?
True
Is 2052311 prime?
True
Is 1615477 composite?
False
Is 21499001 composite?
True
Is 178074623 a composite number?
False
Is 25865571 composite?
True
Is 16731739 a prime number?
True
Is 9000221 prime?
False
Is 12065083 prime?
True
Is 96838153 a composite number?
True
Is 125790149 a composite number?
True
Is 36777527 prime?
False
Is 60378671 a prime number?
True
Is 1640003 a composite number?
True
Is 28398157 prime?
True
Is 305115181 prime?
False
Is 144852497 prime?
True
Is 58043 a prime number?
True
Is 170928293 a prime number?
False
Is 38880247 prime?
False
Is 13676441 composite?
False
Is 31231979 a prime number?
False
Is 684809 a composite number?
False
Is 18480881 a prime number?
True
Is 10407437 a prime number?
True
Is 6287173 a composite number?
False
Is 430907 prime?
True
Is 8695069 a composite number?
False
Is 318602069 composite?
False
Is 29600293 composite?
False
Is 12075673 prime?
False
Is 17282167 a composite number?
True
Is 52716827 prime?
True
Is 515969 a prime number?
True
Is 10348993 composite?
False
Is 1651609 a composite number?
False
Is 25045339 a prime number?
False
Is 142572533 a prime number?
False
Is 788501 composite?
True
Is 508306483 a prime number?
False
Is 389846653 composite?
True
Is 7744729 a composite number?
True
Is 4798162 a prime number?
False
Is 1239883 prime?
False
Is 3491143 prime?
True
Is 3856009 a prime number?
False
Is 5649277 a prime number?
False
Is 134723157 a composite number?
True
Is 37562927 a composite number?
False
Is 868963 a prime number?
False
Is 16533347 prime?
True
Is 2230219 a composite number?
False
Is 10955663 composite?
True
Is 3648193 composite?
True
Is 352427 a prime number?
False
Is 3008203 a prime number?
False
Is 19169363 composite?
False
Is 492390761 a prime number?
True
Is 107506877 a prime number?
False
Is 163620557 a composite number?
False
Is 111295507 a prime number?
True
Is 50185 composite?
True
Is 150490673 a prime number?
False
Is 69225347 a composite number?
True
Is 437011 prime?
True
Is 451120703 prime?
False
Is 224570699 a composite number?
True
Is 3606549 composite?
True
Is 77930441 prime?
True
Is 23926633 a prime number?
False
Is 771739 a composite number?
False
Is 3127291 composite?
False
Is 135017 prime?
True
Is 91040479 a prime number?
True
Is 7059763 a prime number?
False
Is 232585537 a prime number?
False
Is 356437 a prime number?
False
Is 4985033 composite?
True
Is 68119747 a prime number?
True
Is 460118 a prime number?
False
Is 61777867 prime?
False
Is 6544481 a composite number?
False
Is 11213747 prime?
True
Is 4175165 prime?
False
Is 263337335 a composite number?
True
Is 345344881 a composite number?
True
Is 11047103 composite?
True
Is 210149 a prime number?
False
Is 3689603 prime?
False
Is 2422193 prime?
False
Is 96502157 a composite number?
False
Is 3219409 composite?
True
Is 9446071 a prime number?
True
Is 30347153 prime?
True
Is 43550929 a composite number?
True
Is 3721727 prime?
True
Is 61376911 composite?
False
Is 5267831 composite?
True
Is 11552899 a prime number?
True
Is 13520109 composite?
True
Is 1706932415 composite?
True
Is 9030869 a prime number?
True
Is 535663153 composite?
True
Is 56569 a prime number?
True
Is 136784701 prime?
False
Is 4439377 a prime number?
True
Is 102901 a composite number?
True
Is 854132123 a composite number?
True
Is 9923369 prime?
True
Is 46625314 prime?
False
Is 66796957 pr